(n).
2
Suppose 0 = 5*x - 3*b + 4, 2*x - 2*b - 2 = b. Let j(t) = 4*t + 3. Calculate j(x).
-5
Let j(d) be the first derivative of 2 + 2/3*d**3 - 4*d - 1/4*d**4 + 3/2*d**2. Give j(3).
-4
Let v(q) be the third derivative of q**5/60 - 3*q**4/8 - 3*q**3/2 - 10*q**2. Give v(10).
1
Let z(q) = -9*q**3 + 11*q**2 - 5*q + 6. Let m(h) = 5*h**3 - 6*h**2 + 3*h - 3. Let a(d) = -7*m(d) - 4*z(d). Let c = 5 + -2. What is a(c)?
3
Let p(z) = -z + 2. Let m be (-4)/12 + 1/3. Let c be 2/4*(m + 14). Let l = 5 - c. Determine p(l).
4
Let v(u) = 5*u**2 + u + 4. Let k(f) = f**2 + 1. Let j(p) = -11*k(p) + 2*v(p). Determine j(4).
-11
Let g(j) = -2*j + 3. Suppose 3*r = -2 + 8. Suppose 7 + 3 = r*s. Determine g(s).
-7
Let l(x) = -x - 4. Let q(h) = -h**2 + 2*h + 14. Let m be q(0). Let w = 18 - m. Give l(w).
-8
Suppose 3*z - 18 = 3*j, -3*j - 2*z = 14 + 14. Let y(m) = -3*m - 6. Calculate y(j).
18
Let u(p) = p**3 + 5*p**2 + 4*p + 2. Let y be u(-4). Let s(c) = 2*c**y - 5*c + 8*c**3 - 17*c**3 - 4 + 10*c**3. What is s(-3)?
2
Let n(f) = -f + 5. Suppose 3*t = 4 - 1. Let h = -7 - -4. Let u = t - h. Calculate n(u).
1
Let a(k) = k**3 + 5*k**2 + 2*k - 5. Let o(d) = -d**2 + 3*d - 4. Let i be o(0). Calculate a(i).
3
Let n be (-24)/(-8) + (2 - 1). Let v = 3 + 1. Suppose -v = -3*c + l, -2*c + 1 = -n*l - 5. Let q(o) = o**3 - 2*o + 1. Give q(c).
0
Let l = -88 - -85. Let x = -5 + 7. Let r(h) = 0 - h - h - x. Calculate r(l).
4
Let z(o) be the first derivative of -o**3/3 - o**2 + 2*o - 2. Suppose 0 = 5*r + 5*l + 10, -2*l + 0 = -2. Let c be z(r). Let t(b) = -4*b. What is t(c)?
4
Let a(f) = f**2 + 4*f. Let r(t) = -16*t - 3. Let m be r(-2). Suppose -3*u + 2*d = m, -2*u + 3*d - 4*d = 17. Let h = 4 + u. Calculate a(h).
5
Suppose 10 = 5*g + 5. Let o(r) = -19*r. Determine o(g).
-19
Let q(d) = -7*d**3 - 3*d**2 + 2*d - 4. Let t(i) = 15*i**3 + 5*i**2 - 4*i + 7. Let k(j) = -5*q(j) - 3*t(j). Calculate k(1).
-9
Let a(h) = h**3 + 5*h**2 + 5*h + 5. Suppose 0 = 8*q - 3*q + 20. Give a(q).
1
Let z(g) be the third derivative of -g**5/60 + g**4/4 + g**3/2 + g**2. Determine z(6).
3
Let z(q) = 1 - 10*q - 14*q + 26*q. Calculate z(4).
9
Let r = -19 + 33. Let w = r - 17. Let l(u) = -u + 5. Let g(i) = 3*i - 14. Let f(d) = 4*g(d) + 11*l(d). What is f(w)?
-4
Let d be (-58)/10 + (-1)/5. Let r(n) = -n**3 - 7*n**2 - 8*n - 4. Give r(d).
8
Let g(b) = -3*b + 1. Let f(j) = -9*j + 3. Let k(v) = -6*f(v) + 17*g(v). Let x be k(0). Let l(d) = -8*d. Determine l(x).
8
Let j(s) = s + 3. Suppose 9*d + 55 = 4*d. Let k = 5 + d. Give j(k).
-3
Suppose -3*n = d - 16, 3*n - 4*d + 32 = 7*n. Let c(t) = -n*t - 2 - 5*t + 4*t + t**2. What is c(6)?
4
Suppose 2*t = t + 4. Let a = t - 9. Let u(s) = -s**3 - 4*s**2 + 5*s - 5. Calculate u(a).
-5
Let a(g) = g**3 - 5*g**2 + 3*g + 4. Let w(n) = -2*n**2 - 2*n. Let p be w(-2). Let z = p - -7. Give a(z).
-5
Suppose 3*b = 5*b - 2*m - 4, 0 = m + 2. Let j(y) be the first derivative of -y**3/3 + y**2/2 - 5*y - 6. Give j(b).
-5
Let q be 3/(-2)*(-6)/9. Let t(h) = 3*h - 6*h + h**2 + 2*h + q. Calculate t(2).
3
Suppose 5*z - 19 + 4 = 0. Let r(l) = -2*l + l**2 + 3*l**2 - l**3 + 0*l**2. Let d be r(z). Let k(f) = -f**2 + 5*f - 2. Determine k(d).
4
Suppose 0 = 13*b - 9*b. Suppose b*g = g - 5. Let a(u) = -g*u**2 + 6*u**2 - 3 + 2*u + 0 - 2. What is a(-4)?
3
Let u(r) be the third derivative of r**4/2 - r**3/6 - 10*r**2. Determine u(1).
11
Let j = -4 - -6. Suppose j*n = -0*n - 6. Let p(r) = r**3 + 3*r**2 - 3*r - 1. Determine p(n).
8
Suppose 5 = 3*u - 1. Let d(n) = 5*n**3 - 8*n**2 + 8*n + 1. Let s(k) = -4*k**3 + 7*k**2 - 7*k - 1. Let g(a) = 5*d(a) + 6*s(a). Calculate g(u).
11
Let s(w) be the third derivative of w**4/24 - 4*w**3/3 + 4*w**2. Let r = -1 - -2. Let k be (-3 - -3)/((-2)/r). Determine s(k).
-8
Let t(f) be the first derivative of -f**5/60 - 5*f**4/24 + 2*f**3/3 + 11. Let h(g) be the third derivative of t(g). Calculate h(-6).
7
Let x = -7 + 8. Let k be (-1 + x)/(-1 - -3). Suppose -5*y - 4*q + 7*q + 31 = k, -q - 7 = -y. Let v(g) = -2*g + 7. Determine v(y).
-3
Let j = -6 + 5. Let x(y) be the second derivative of 2*y**4/3 - y**3/6 - 2*y. Determine x(j).
9
Let z be (-608)/80 + (-6)/(-10). Let s(u) = u + 15. Determine s(z).
8
Let a = 1 + 0. Let w(h) be the second derivative of -4*h**3/3 - 20*h. What is w(a)?
-8
Let u(t) = -t**2 - 3*t + 5*t + 5*t - 4 + 0*t. Give u(5).
6
Let b be 0*((-9)/6)/3. Let p(r) = r**2 + b*r - 2*r + r**2. Let t be p(2). Let c(j) = j**3 - 3*j**2 - 3*j + 3. Give c(t).
7
Let b(q) = q + 6. Let g(n) = n**2 + 9*n - 22. Let c be g(-11). What is b(c)?
6
Let f(w) = w**2 + 5*w + 7. Let u be f(-5). Let j(l) = 2 - u*l**2 - 2 - l + 1. What is j(1)?
-7
Let m(b) = 12*b - 4*b**2 + 18*b - 26*b + b**3. What is m(3)?
3
Let j = -4 - -6. Let l = -1 - j. Let b(o) = -o**2 - 4*o - 4. What is b(l)?
-1
Let w(g) = -g**3 - 6*g**2 + g - 3. Suppose 8*q - 3*q + 3*z = -36, 0 = -4*q + 5*z - 14. Calculate w(q).
-9
Let w(f) = f. Let o be w(2). Let i(d) = d**3 - 1. What is i(o)?
7
Let x(b) = -b - 1 - 10 + 0*b. Suppose -5*r = -0*r - 20. Suppose r*t - 3*f = -f - 10, -t - 15 = 2*f. What is x(t)?
-6
Let s = -66 - -72. Let h(k) = 1 - 2*k - k**2 + k + 7*k. Calculate h(s).
1
Let x = -4 - -14. Let v = -10 + x. Let m(a) = a**3 + a**2 - a + 7. Determine m(v).
7
Let w be (-6)/33 + (-200)/(-132). Let i(o) be the first derivative of 3/2*o**2 + 1/4*o**4 + w*o**3 - 1 + 2*o. What is i(-2)?
4
Suppose 3*y + 4*o = -0*y + 13, 2*o = -3*y + 5. Let k(q) be the second derivative of -q**4/2 + q**3/6 + q**2/2 - 4*q. What is k(y)?
-6
Let h(l) = l - 3. Let s(o) = 2*o - 4. Let p(v) = 4*h(v) - 3*s(v). Suppose -6*m + 2*m = 0. Suppose 3*i + 2*w - 3 + 2 = m, -w = -5*i - 7. Calculate p(i).
2
Let o(u) = -u**3 - 4*u**2 + 7*u + 1. Let t = 8 - 13. Determine o(t).
-9
Suppose 3*l - 17 = -5. Let u(h) = h**3 - 5*h**2 + 7*h - 4. Give u(l).
8
Suppose 0 = -w - l + 9 - 1, 0 = -2*l + 10. Suppose -w*a - 2*a + 10 = 0. Let p(s) = 3*s - 2. What is p(a)?
4
Let z(m) = m**3 + m**2 + m. Let s(d) = 4*d**3 + 6*d**2 + 2*d + 5. Let c(p) = -s(p) + 3*z(p). Let i be 1/(4 + 68/(-16)). What is c(i)?
7
Suppose -5*r = -8*r + 6. Let c = 3 - 1. Suppose 7 = 3*d - c*z + 1, -r*d + z = -4. Let p(n) = n**3 - 3*n**2 + n. Determine p(d).
-2
Let k(s) = 5*s**3 + 3*s**2 - 6*s - 8. Let o(w) = w - 2 + 3 - 2*w**2 + 2*w**2 - w**3. Let x(a) = k(a) + 4*o(a). Determine x(-3).
2
Let u be (-18)/30 - 3/(-5). Suppose -5*l + l - a + 36 = u, 4*a = -5*l + 34. Suppose -4*f - l = -6*f. Let n(c) = -c - 6. Determine n(f).
-11
Let t = 11 + -8. Let o(f) = -2*f**t - 6 + 9*f**3 - f**2 + 7. What is o(-1)?
-7
Let f(u) = -142*u + 68*u - 2 + u**2 + 71*u. Calculate f(3).
-2
Let s(w) be the first derivative of w**4/4 - 5*w**3/3 + 7*w**2/2 - 6*w + 3. Let n(i) = -3*i**2 - 3*i + 5*i + 4 + 2*i**2 - i. Let j be n(0). Calculate s(j).
6
Let d(i) be the first derivative of -i**4/4 - i**3/3 + i**2/2 - i + 1. Calculate d(0).
-1
Let c(o) = 0*o**2 - 7*o**2 + 7*o - 6 - 27*o**3 + 28*o**3. Calculate c(6).
0
Let m(n) = 18*n + 1. Let g(w) = -19*w - 1. Let o(i) = -5*g(i) - 6*m(i). Calculate o(1).
-14
Let p be -4 + 4 + 4*3/6. Let g(l) = -8*l + 2. Determine g(p).
-14
Let d(p) = p - 1. Let h(m) = m**2 + 2*m + 2 - 5*m - m + m. Let w(v) = -5*d(v) - h(v). Determine w(2).
-5
Suppose p + 3*v + 15 = 2*v, 34 = -2*p - 3*v. Let m = 15 + p. Let u(a) = -2*a - 2. Give u(m).
-10
Let k(o) = 12*o + 5. Let l be 4 - 2 - 1 - 1. Suppose l*v + 10 = -2*v. Let p(q) = -11*q - 4. Let m(w) = v*k(w) - 6*p(w). Calculate m(1).
5
Let o(s) = 4*s**3 + s**2 + 3*s + 2. Let u be o(-1). Let l(g) = -g**2 - 5*g - 1. Determine l(u).
3
Let j(w) = 7*w**3 - 3*w**2 - 19. Let r(h) = 4*h**3 - 2*h**2 - 10. Let t(m) = 3*j(m) - 5*r(m). Calculate t(0).
-7
Suppose 0 = 5*c - 5*v, 5*c + 5*v - 3*v = 35. Let h(f) = -f**2 + 2*f - 9. Let s(j) = -j**2 + j - 10. Let t(q) = 5*h(q) - 4*s(q). Calculate t(c).
0
Let r(j) = j**2 - j + 3. Let v be r(0). Let s(m) = 4*m - m + 0*m - m + v. Suppose 0 = -4*a - 10 - 6. Determine s(a).
-5
Let v(h) = -h**3 - h**2 - 1. Let y be ((-4)/(-3) - 2)*-3. Suppose -8*b + 10*b + y = 0. Give v(b).
-1
Let d(s) = s - 5. Let j be d(5). Suppose 6*l = 3*l + 6. Let x(z) = -3 + 0*z - z**3 - z**l + 0*z. Determine x(j).
-3
Let c(x) = 2*x - 4. Let t(h) be the first derivative of -h**2/2 - 1. Suppose 0*n - 2*n - 2*u + 6 = 0, -5*n - 2*u = -9. Let k(o) = n*c(o) + t(o). Calculate k(0).
-4
Let b(s) be the thi